15 = 0. Let i be l(k). Let s = -12 + i. Let h(v) = -4*v + 3. Give h(s).
15
Let z(g) = 23 + 27692*g - 27694*g - 8. Give z(10).
-5
Let b(k) = -7*k**2 - 10*k. Let t(v) = -v**3 + 2*v**2 - 3. Let q be t(2). Let n(u) = -2*u**2 - u. Let g(m) = q*n(m) + b(m). Determine g(-6).
6
Let k be -2*((-21)/6 + -3). Let t = k - 8. Let a(v) = -3*v + 7. Let i(w) = -10*w + 26. Let p(z) = 7*a(z) - 2*i(z). Calculate p(t).
-8
Suppose 19*q + 3 = 20*q. Let n(w) = 3*w**3 - 2*w**q - 7*w**2 + 11*w**2 + 5 + 2. Give n(-5).
-18
Let h(w) = w**2 - 10*w + 5. Let d(b) = -b**2 - 3*b + 2. Let p be d(-3). Suppose p*q - g - 3 = -5, 4*g - 8 = -2*q. Suppose -6*x + 43 + 11 = q. What is h(x)?
-4
Suppose 0 = 692*v + 35*v. Let m(s) = s + 10. Let k(g) = -2*g - 19. Let j(r) = 4*k(r) + 7*m(r). What is j(v)?
-6
Let x(p) = p**3 + 8*p**2 + 811*p - 798*p + 14 - 2. Give x(-6).
6
Let y = 56 + -52. Suppose -f = 3*u + 12, 26 = 3*f - f - y*u. Suppose -d - 45 = -4*d + 4*m, -f*d - m + 30 = 0. Let r(k) = k**2 - 10*k - 6. Calculate r(d).
5
Let s(n) be the first derivative of -2*n**2 - 49*n - 440. Determine s(-17).
19
Let i(x) = -3*x + 3. Let k(u) = -9*u + 9. Let j(f) = -8*i(f) + 3*k(f). Let d be (-7 - 0)/(14/(-10)). Give j(d).
-12
Suppose -211 = -3*w + 776. Let c = w + -343. Let o(g) = -3*g - 18. Give o(c).
24
Let d(b) = b**2 + 7*b + 6. Let j be d(-4). Let t(c) = -3*c**2 + 28*c + 536. Let x(f) = f**2 - 5*f - 131. Let p(z) = -t(z) - 4*x(z). What is p(j)?
0
Let q(x) = 6*x**2 + 17*x - 1. Let j(g) = -8*g**2 - 17*g + 8. Let h(k) = 2*j(k) + 3*q(k). Determine h(-8).
5
Let y(r) be the third derivative of -r**6/24 + r**5/30 - r**4/24 + r**3 + 11*r**2 + 25*r. What is y(0)?
6
Let q(n) = -26*n - 10*n**2 + 9*n**2 + 72 + n**3 + 15*n - 5*n**2. Determine q(6).
6
Let u(x) = x**2 - 6*x + 2. Suppose 29*a = 33*a - 24. Let z be u(a). Let c(l) = -3*l - z*l + 2*l + 2 + 2*l. Determine c(-6).
8
Let b be -4 - 0 - 4*9/(-6). Let o(f) = 50*f**b + 1 - 21*f**2 + 0*f - 28*f**2 + 3*f. Determine o(-2).
-1
Let u(t) = 99*t**2 - 13*t**2 + 458 + 22*t**2 - 3*t + 460 - 916. What is u(1)?
107
Let o(n) = 8*n**3 - 21*n**2 + 112*n - 54. Let t(i) = i**3 - 3*i**2 + 16*i - 8. Let s(v) = 2*o(v) - 15*t(v). Calculate s(-6).
0
Let i(u) = 2 - 815*u**2 - 815*u**2 - 4*u + 1629*u**2 + 8. Give i(-5).
5
Let h(p) be the second derivative of p**3/6 - 69*p**2/2 - 3*p - 46. What is h(-16)?
-85
Let s(g) = 101 + 13*g - 352 - 20 + 100. Determine s(13).
-2
Let j(y) = -y + 12. Let i(s) = -4*s - 18. Let p(c) = -3*c - 18. Let k(t) = 2*i(t) - 3*p(t). Suppose 18*l + 195 = 3*l. Let n be k(l). Give j(n).
7
Let n be 5*48/560*(1 - 8). Let t(o) = -12*o - 1 + 13*o - 1 - 11*o. What is t(n)?
28
Let s(q) = q**2 - 5*q - 3. Let b be s(4). Let d(z) = -3*z**3 + 2*z**3 + 10770*z - 8*z**2 - 1 - 10776*z - 11 + 4. What is d(b)?
-15
Suppose 3*o + 0*o = 3, 5*j - 37 = -2*o. Suppose -7 = 4*t + 5*z, 10 = -3*t + 5*z + 31. Let m(q) = -3 - q**2 + 3205*q - 3213*q + 2*q**t. Determine m(j).
-10
Suppose 13*l - 32 = 5*l. Suppose 2*v + 10 = -3*u, -4*u + 9*u = -l*v - 20. Let h(w) = w - 6. Give h(u).
-6
Let z(t) = 54 + 146*t + 75 - 15 - 140*t. What is z(-19)?
0
Let n(h) = -5*h**3 + h**2 + 14*h - 2. Let t(s) = s**2 - 8*s. Let m(l) = -n(l) - 2*t(l). Determine m(2).
34
Let r(q) be the first derivative of -q**2 + 24*q - 19. Let s be r(11). Suppose s*c + 2*i = 12, 0 = c + 2*c - i - 26. Let w(t) = t**2 - 8*t + 2. What is w(c)?
2
Suppose 135 = -5*m + 145. Let y(h) = 138*h + 2*h**2 + 0*h**m - h**2 - 142*h + 2. Determine y(5).
7
Let l(g) = 6*g - 1 + 2 + 5 - 3*g - 28. Calculate l(5).
-7
Let s = -78 - -80. Suppose -4*i - 3*h = -44, -s*i + 9 = -5*h - 13. Let l(m) = -16 + i - m + 6. Calculate l(1).
0
Let m be (80/(-4))/(-5) + 1. Suppose m*v - 4 - 1 = 5*y, -3*v = -2*y + 2. Let k(h) = -8 + 5*h + h**2 - h + 2 + 9. What is k(v)?
3
Let d(w) = -w**3 + 3*w**2 + 3*w + 2. Let j be 23/(-46) + (-76)/(-16) + (-2)/8. Determine d(j).
-2
Let y = 134 + -137. Let n(r) = 5*r**3 + 4*r**2 + 3*r - 3. Let o(v) = 14*v**3 + 11*v**2 + 9*v - 8. Let u(x) = -17*n(x) + 6*o(x). Determine u(y).
3
Let p(g) = -2*g**3 - 2*g**2 - 3*g + 3. Let l(w) = -w**3 - 12*w**2 + 24*w - 53. Let n be l(-14). Suppose -n*d - 12 = -9*d. Determine p(d).
-27
Let n(c) = 1. Let p = -404 + 406. Let y(t) = t + 18. Let v(o) = p*y(o) - 18*n(o). Calculate v(-10).
-2
Let g(p) = -p**2 - 88 + 6294*p + 43 - 69 - 6274*p. Calculate g(7).
-23
Let q be (((-112)/(-8))/(-56))/(((-27)/(-48))/(-9)). Let n(y) = -y**2 + 20*y - 62. What is n(q)?
2
Suppose 23*a - 130 - 491 = 0. Suppose -3*i + a = 2*s, -6*s = -2*s + 3*i - 39. Let r(k) = -5*k - 3. What is r(s)?
-33
Suppose 0*m - m = 0. Let n(u) = 2*u + 27. Let a be n(2). Suppose m = a*r - 35*r - 36. Let z(q) = q + 8. Calculate z(r).
-1
Let y(l) = 12*l - 7. Let t(z) = -6*z - 12. Let f(b) = -3*b - 1. Let m(a) = -6*f(a) + t(a). Let p(g) = 6*m(g) - 5*y(g). Determine p(1).
11
Let d(h) = h - 3. Suppose i + 0*i = 0. Let w(f) = 0 + 0 - 7080*f**2 + 7078*f**2. Let x be w(i). Determine d(x).
-3
Let r be 0 - -13 - 0 - (-38)/((-1444)/266). Let h(a) = -a**2 + 10*a + 6. What is h(r)?
30
Let t(c) = c**3 + 6*c**2 - 23*c + 18. Let g(h) = 8*h**3 - h**2 - 22*h - 22. Let k be g(-1). What is t(k)?
-18
Suppose 2*f - 8 = 4. Suppose -19*k = -13*k - f. Let u(c) = -27*c**2 + c. Determine u(k).
-26
Let x(w) = 17*w**2 + w. Let s be x(1). Suppose -s - 6 = -2*l. Let m(k) = -k**2 + 13*k - 12. Let d be m(l). Let p(u) = u + 11. Calculate p(d).
11
Let f(a) = -4*a**2 - a - 1. Let i = 47 + -40. Suppose i + 5 = g. Let n = g - 13. Calculate f(n).
-4
Let b(x) = x**3 - x**2 - 11*x + 34. Let w(l) = 373*l - 7083. Let o be w(19). What is b(o)?
38
Let b(n) = -2*n**2 - 12*n - 5. Let h(i) = -i**3 + 22*i**2 + 21*i + 42. Let j be h(23). Give b(j).
11
Let i(g) = -32*g + 48. Let w(s) = -22*s + 33. Let h(d) = -5*i(d) + 7*w(d). Give h(-9).
-63
Let p(z) = 8*z - 1325. Let k(w) = 5*w - 797. Let b(v) = -5*k(v) + 3*p(v). Let i be ((-16)/6)/(8/36). Let j be (-2)/8 + (-123)/i. Determine b(j).
0
Let r(m) = -m**3 + 2*m + 1. Let v = -63 + 65. Let x be ((-12)/(-8))/(1/v). Give r(x).
-20
Let t(g) be the first derivative of -g**4/2 + 17*g**3/3 - 7*g**2/2 + 12*g - 1435. What is t(8)?
20
Let d = -107 + 113. Let f be 3 + d + (1 - 4). Let r(l) = l**2 - 10*l - 3. Let a(i) = -i**2 + 9*i + 4. Let s(k) = 5*a(k) + 4*r(k). Calculate s(f).
2
Let b(o) = o**2 - 2*o + 1. Let y(c) = -10*c**3 + 18*c**2 - c. Let m(s) = 3*s**3 - 6*s**2 + 1. Let d(i) = 7*m(i) + 2*y(i). Let u(t) = -2*b(t) + d(t). Give u(7).
-30
Let b(x) be the third derivative of x**6/60 + 47*x**5/60 - 23*x**4/24 + 23*x**3/6 - x**2 - 7*x + 60. Calculate b(-24).
-1
Let z(j) = -2*j**2 + 26*j - 2*j**2 + 3*j**2 - 24*j - 1. Let n be (-5 - -5)/(-7) + -5. Give z(n).
-36
Let r(d) = -d**2 - 22*d + 91. Suppose 157*g - 175*g = 450. What is r(g)?
16
Suppose -4*v = -v - 12. Let b(n) = v + 0 - 2 + 0*n - 4*n. Let m be 6/2 - (-9)/(-18)*10. Give b(m).
10
Suppose -w - 1 = d, 2*d + 3*d = 25. Let m = 12 + w. Let p(v) = 1 + 9*v + v**2 - 24*v + 7*v + 3*v + 7. Give p(m).
14
Suppose -104*j + 145*j - 74*j + 165 = 0. Let q(s) be the third derivative of s**2 + 14 + 0*s + 1/60*s**j - 1/2*s**3 + 1/24*s**4. Calculate q(0).
-3
Suppose 4*l = -18 + 2. Let r(x) = 2*x - 11. Let d(s) = 5*s - 22. Let i(c) = 6*d(c) - 13*r(c). Calculate i(l).
-5
Let b(i) = 5 - 1 - i + 2*i**2 + 7 - 7*i - 4*i. Give b(5).
1
Let t = 27346 - 27347. Let h(j) = -108*j - 15. Determine h(t).
93
Let g(m) = 6*m - 12. Let i = -3893 + 3889. Give g(i).
-36
Let w be -9 - 90/(-9) - (-2 - -1). Let a(i) = -5*i - 2. Let z(m) = 4*m + 1. Let v(f) = w*z(f) + 3*a(f). Determine v(-3).
17
Let c be (16/(-56))/(48/2184). Let j(q) = 11*q**2 + 140*q - 30. Give j(c).
9
Suppose -7906*o = -7877*o - 203. Let w(c) = -c**2 + 8*c - 6. Determine w(o).
1
Let n(p) = p**2 - 3*p + 1. Let k be n(3). Let q(a) be the second derivative of -9*a**5/20 + a**3/6 - a**2/2 + 6*a - 1377. Determine q(k).
-9
Let i(s) = 3*s + 11. Let a(d) = -6*d + 36. Let j(h) = a(h) - 3*i(h). Calculate j(1).
-12
Let j(b) = -6*b**3 + 66*b**2 + 39*b - 49. Let g(x) = -x**3 + 13*x**2 + 8*x - 10. Let y be (3/7)/(1/7) - 1. Let l(u) = y*j(u) - 11*g(u). Calculate l(-10).
12
Let i(n) = -3*n - 9. Let f(v) = v**3 - 21*v**2 + 4*v - 24. Let s be f(21). Suppose -5*q = -106 - 224. Let b = s - q. Determine i(b).
9
Let d(q) = q**3 + 8*q**2 + 8. Let u be (-6 - -8)*(-1 - -2) - -11. Suppose 508 + 64 = u